(-3). Suppose -4*u + 3*l + 24 = 6, 8 = o*l. Determine n(u).
-3
Suppose -7*p = 5*p + 24. Let q(k) = 2*k - 2. Give q(p).
-6
Let k(m) be the second derivative of m**3/3 - m**2/2 + m. Suppose 0 = 3*f - f - 2. Suppose f = 2*a - 4*x + 11, 3*x - 10 = a. Determine k(a).
9
Suppose -5*j = 5*d - 210, -4*d - 12 = -j + d. Let p = -40 + j. Let o(b) = b**3 + 2*b**2 - 2*b + 1. Give o(p).
-2
Let p(w) be the second derivative of w**3/6 - w**2 - 5*w. Suppose 96 = -3*l + 7*l. Let h be l/(-20)*5/2. Give p(h).
-5
Let m be 6*(-23)/(-23) + 14/(-2). Let f(y) = -3*y + 2*y + y**3 - 1 + 0 + 5*y**3. Calculate f(m).
-6
Let a = -20 + 19. Let h(w) = w**3 + 6*w. Let i(l) = l. Let z(y) = a*h(y) + 2*i(y). Let u(x) be the second derivative of z(x). Determine u(1).
-6
Let y be -6 + (-360)/(-64) + 42/(-16). Let t(i) = i**3 + i**2 - 3*i + 1. Calculate t(y).
-8
Let r(q) = -159 + 171 - 3*q + 4*q. Determine r(-10).
2
Let f = -5 + 9. Suppose w - 4*u = -7*u - 20, -3*w - f*u = 35. Let z be 4/w - 3/15. Let d(l) = -12*l + 1. Calculate d(z).
13
Let r(d) = -6*d**3 - 2*d**2 + 1. Let a = -5 - -4. Let h be a/(-3) + 4/6. Calculate r(h).
-7
Let l(r) = -r**2 + r - 1. Let x(u) = -13 + 36*u**2 + 31*u**2 - 71*u**2. Let b = 5 - 0. Let o(c) = b*l(c) - x(c). What is o(6)?
2
Let y(f) = f + 4*f**3 + 2*f**3 - 11*f**3 + 8 - 65*f**2 + 4*f**3 + 73*f**2. What is y(8)?
16
Let d(u) = u**2 + u + 1. Let w(m) = -m**3 + 13*m**2 + m + 12. Let o(b) = 3*d(b) - w(b). Determine o(10).
11
Let t(y) = -y**3 - y**2 + 1. Let m(p) = p**3 + 3*p**2 - 8. Let q(i) = m(i) + 2*t(i). Let x be 2 - (-2)/2*-9. Let o = -7 - x. What is q(o)?
-6
Let u = -2 - -3. Let n = 9 - 6. Let j(q) = -2 + u - n + 2*q - 1. What is j(6)?
7
Let x(h) = -h**3 + 8*h**2 - 6*h + 7. Suppose -5*b = -0 + 10, 0 = -3*p - 5*b + 194. Suppose -16 = -12*t + p. Determine x(t).
14
Let g(y) = -y**2 - y + 1. Let u(a) = 4*a**2 + 8*a - 10. Let w(b) = 3*g(b) + u(b). Calculate w(-5).
-7
Suppose 5*b + 44 = 3*x, 38 = x + 3*b + 14. Let r(m) = m**3 - 17*m**2 - 17*m - 25. Calculate r(x).
-7
Let b = 30 + -28. Let k(g) = -4*g + 27. Let r(m) = m - 9. Let i(o) = b*k(o) + 7*r(o). Determine i(-8).
-1
Suppose 11*y - n = 10*y + 13, 2*n = -10. Let s(t) = -t**3 + 8*t**2 + t - 1. Determine s(y).
7
Let b(d) = d**2 + 4*d + 8. Suppose 0 = 5*r - 4*k + 4, 7*r - 16 = 9*r + 2*k. Determine b(r).
8
Suppose -65 = -2*y + 125. Let d be 2*-2*(y/10 + -9). Let o(g) = -g**2 - 5*g - 2. Calculate o(d).
4
Suppose q + 3 = -4*r, 0*r + 2*r - 9 = 3*q. Suppose -v = -5*z - 1, -v - 3*z + 1 = z. Let g(x) = 0 - 2 - x - v. Determine g(r).
-3
Suppose 5*v = 2*v - 63. Let t be (2/(-6))/(1/v). Let w(i) = -i**2 + 8*i - 8. Calculate w(t).
-1
Let v(p) = -42*p - 2. Let z be v(1). Let b = -71 - z. Let c = b + 33. Let y(k) = k**3 - 7*k**2 + 5*k - 4. Determine y(c).
-10
Let n = 43 + -31. Let d be n/8*20/6. Suppose -u - 30 = d*w, -70 = 3*w + 5*u - 30. Let c(p) = -p + 2. What is c(w)?
7
Let q(z) = -3*z + 6. Let w(r) = r**3 + 2*r**2 + 7*r + 3. Let y be w(0). What is q(y)?
-3
Let t(q) be the first derivative of -29*q**2/2 - q - 119. Determine t(-1).
28
Let i(r) be the first derivative of 6 - 2*r**2 - r**3 - 2*r - 1/4*r**4. What is i(-2)?
2
Suppose 4*b = -2*p - 0*b + 14, 0 = -4*p + 4*b + 28. Suppose -3 = 3*i, 2*v - 7*v + 11 = -i. Suppose v*w = p*w. Let r(h) = -h**2 - 4. Determine r(w).
-4
Let j = -11 - -14. Let q(p) = -20 - 4*p - 3*p - j*p. Let l(u) = -3*u - 7. Let f(i) = -17*l(i) + 6*q(i). What is f(1)?
-10
Let j(g) = 8*g + g - 5 + 4 + 2. Determine j(-1).
-8
Let f be 22/77 - (-26)/7. Let p(z) = z**2 + 2*z - 3. Let m(l) = l**2 + 3*l - 3. Let t(v) = f*p(v) - 3*m(v). Calculate t(3).
3
Let t(f) = 2*f + 2. Let a be (-681)/(-27) - 8/36. Let r be -2*a/10*(-1 - -2). Determine t(r).
-8
Let m(d) = 2*d - 5. Let k = -42 + 47. Suppose 3*o - 4 + 24 = k*p, -o = -p + 2. Determine m(p).
9
Suppose 8*v - 3*v = 0. Suppose -y - 3 + 6 = v. Suppose -2*l - y = -1. Let j(g) = 5*g - 1. Calculate j(l).
-6
Let z(u) = u**3 - 4*u**2 - 3. Let g be z(4). Let a(r) be the first derivative of -r**2 - r - 300. What is a(g)?
5
Suppose 5*i + 34 = 3*b + 10*i, 17 = 4*b + i. Let l(k) = -k**3 + 7*k**2 - 3*k - 8. Let c(t) = -t**3 + 6*t**2 - 2*t - 7. Let j(g) = 6*c(g) - 5*l(g). What is j(b)?
-11
Let t(y) = 2*y + 4. Let z be t(-5). Let x = -11 - -11. Let l(a) = a + x*a - 8 + a - 4*a. Determine l(z).
4
Let m(b) = 1. Let q(j) = -j + 12. Let a(k) = -22*m(k) + 2*q(k). Calculate a(-3).
8
Let k = -193 - -188. Let x(w) = w**3 + 4*w**2 - 7*w - 12. Give x(k).
-2
Let u(n) be the second derivative of -n**3/6 - 7*n**2 + 2*n. Let c be u(-9). Let f(l) = l**3 + 5*l**2 - 2*l + 2. Give f(c).
12
Let m = 18 + -7. Let b be 3 + -3 - (m + -2). Let w be 10/(-6) + (-6)/b. Let t(h) = 16*h + 1. Calculate t(w).
-15
Let l(x) = -x**2 - x - 6. Suppose 2*w + 2*w + 48 = 0. Let o be (-9)/6*152/w. Let m = 19 - o. Determine l(m).
-6
Suppose -15 = 3*t - 5*d - 2, t + 9 = 4*d. Let o(s) = -7*s - 3 + 1 - 1 + 2. Give o(t).
6
Let p(h) = -7*h**2 - h + 1. Suppose 0 = 5*f - v - 8, -2*v - 2*v - 11 = f. Let z be -1*(-4 + (f - -2)). Calculate p(z).
-7
Suppose 0 = 45*p + 129 + 96. Let j(v) = 2*v + 5. Give j(p).
-5
Let o be 0 - (-4)/(4/5). Suppose i = 2*u - 0 - 4, o*i - 4*u = 10. Let y(w) = -w - 6*w - i*w. Calculate y(1).
-13
Let h(u) = -u**2 - 6*u + 14. Let g be h(-6). Suppose -5*y - 2*x = -g - 26, -y + 5*x - 19 = 0. Let q(z) = -z**3 + 7*z**2 - 5*z + 9. Determine q(y).
15
Let y(f) = -3*f**2 + f. Let l(k) = k**2 + k + 1. Suppose -4*u + 12 = -4*o, -4*u = -u + o + 7. Let z(a) = u*l(a) + y(a). Give z(1).
-5
Let j = -5 + 9. Suppose 3*a - 1 = 2*r, r = -3*r - j*a + 28. Let n(u) = 0*u + u**2 + 13*u - r*u. Determine n(-9).
0
Suppose 3*z = -4*q + 27, 3*z - 8*q + 4*q - 3 = 0. Let d(m) = 3*m + 1. Calculate d(z).
16
Let q(t) = -7*t**2 - t + 1. Let a = -24 + 7. Let i(v) = -20*v**2 - 3*v + 4. Let y(u) = a*q(u) + 6*i(u). Give y(0).
7
Let t(k) = k**2 - 9*k - 5. Let n be t(11). Let i be ((-104)/n - -5) + 6/51. Let c(o) = 12*o**2 - o - 1. Determine c(i).
12
Let t(g) be the third derivative of -5*g**4/12 + g**3/6 - 2*g**2 - 2*g. Calculate t(-5).
51
Let h = 418 + -421. Let m(c) be the first derivative of 2*c + 5/2*c**2 + 1 + 4/3*c**3 + 1/4*c**4. Give m(h).
-4
Suppose 3*l - 17 = -11. Let g(z) = z**2 + 2*z**2 + 5 - 4*z**l - 4*z. Give g(-6).
-7
Suppose 0 = -0*v + 4*v. Suppose v = -27*n + 31*n - 16. Let r(f) = -1 - n + 0*f - 4 + f. What is r(5)?
-4
Let h(d) be the second derivative of -d**3/6 + 9*d**2/2 - 258*d. Determine h(9).
0
Let g be (44/(-33))/(2/(-9)). Suppose -l + g*l = -5*z + 20, 4 = 2*l + z. Let o(s) = s**3 + s - 13. Determine o(l).
-13
Let s = 18 + -31. Let g = -8 - s. Let j(c) = 6 + c + 3*c - 5*c. Calculate j(g).
1
Let g(n) = -n**3 + 33*n**2 - 92*n + 69. Let z be g(30). Let f(d) = 2*d**2 - 20*d + 14. Give f(z).
-4
Let g = -1029 + 1036. Let k(m) = m**3 - 9*m**2 + 7*m + 4. What is k(g)?
-45
Let y(l) = l. Let z(x) = -x**2 - 19*x - 60. Let t be z(-15). Suppose -d = -6 - t. What is y(d)?
6
Let q(h) = -h - 2. Let a(i) = -3*i - 5. Let m(x) = x**2 - 5*x - 2. Let v be m(5). Let j(o) = v*a(o) + 5*q(o). What is j(-3)?
-3
Let p be 7/(-35) + 122/10. Let h(m) = m**3 + 8*m**2 + 2*m + 18. Let r be h(-8). Suppose -r*f = 2*f + p. Let v(y) = -y - 2. Give v(f).
1
Let z be (-18)/8*(-96)/36. Let a be 7/z + 16/(-96). Let y(r) = 4*r**2 + 2*r - 1. What is y(a)?
5
Let l(p) = 1052 + 6*p**2 - 1051 - p - 5*p**2 + 3*p. Give l(-2).
1
Suppose 0*b - 9 = -3*b. Let q be (-7 + b)*2/(-4). Suppose 15 = 3*g + q*g. Let j(s) = -3*s + 4. Give j(g).
-5
Let k be (4 - 5)/(2/(-8)). Suppose k*h + 0 + 4 = -g, -g = -3*h - 10. Let z(r) = r**2 - 5*r - 3. What is z(g)?
-7
Let c(v) = v**2 + v. Let q(f) = -f**3 - 3*f**2 + 3*f + 8. Let p(w) = -6*c(w) - q(w). Give p(5).
-3
Let v(l) = -l**3 - 2*l**2 + 3*l + 2. Let i be (11*2)/(4/(-12)*-6). Suppose -2*g = -3*z - i, -5*z - 12 = g + 2*g. What is v(z)?
2
Let j(v) = 16 - v - 32 + 21. Suppose 4*n - 2*w = 7 - 1, 0 = -4*w + 4. Let x be (-1 - 2 - n)/(-1). Determine j(x).
0
Let i(l) = l**3 + 15*l**2 - 15*l + 13. Let t = -2493 - -2477. What is i(t)?
-3
Suppose 3 = -v - 0*v. Let q = -2 - v. Let c(w) = -w - 33 + 32 - 3*w + 3*w. Determine c(q).
-2
Let t(c) = 6*c - 30. Let n(q) = -14*q + 74. Let w(k) = 5*n(k) + 12*t(k). What is w(-5)?
0
Let s(u) = u**2 + 7*u - 3. Let a(h) = -1. Let q(o) = -2*a(o) - s(o). Let n = 5 - -6. Let g = n - 16. What is q(g)?
15
Let